{"id":872,"date":"2015-02-25T11:53:45","date_gmt":"2015-02-25T14:53:45","guid":{"rendered":"http:\/\/algranoweb.com.ar\/clientes\/maritima\/?page_id=872"},"modified":"2015-02-25T18:42:27","modified_gmt":"2015-02-25T21:42:27","slug":"departamento-aduana","status":"publish","type":"page","link":"https:\/\/maritimaseghini.com\/?page_id=872","title":{"rendered":"Departamento aduana"},"content":{"rendered":"<div id=\"fws_69f0bdb77c1c7\" class=\"wpb_row vc_row-fluid  animate_onoffset row-dynamic-el standard_section    \" style=\"\"><div  style=\"position: absolute;top: 0;\"><\/div><div class=\"container  dark\"><div class=\"section_clear\">\n\t<div class=\"vc_col-sm-6 wpb_column column_container\" style=\"\" data-animation=\"\" data-delay=\"0\">\n\t\t<div class=\"wpb_wrapper\">\n\t\t\t<div class=\"slideshow wpb_content_element\"><div class=\"slideshow_container flexslider slide_layout_boxed\" id=\"flex\" >    <ul class=\"slides slide_flexslider\"><li class=' slide_element slide1 frame1'><img src='https:\/\/maritimaseghini.com\/wp-content\/uploads\/2015\/02\/maritima-4-600x600.jpg' title='maritima-4' alt='' \/>\t\t<\/li>\t<\/ul><\/div><\/div>\n\t\t<\/div> \n\t<\/div> \n\n\t<div class=\"vc_col-sm-6 wpb_column column_container\" style=\"\" data-animation=\"\" data-delay=\"0\">\n\t\t<div class=\"wpb_wrapper\">\n\t\t\t\n\t<div class=\"wpb_text_column wpb_content_element \">\n\t\t<div class=\"wpb_wrapper\">\n\t\t\t<p><strong>Despachante de Aduana \u2013 Importaci\u00f3n \u2013 Exportaci\u00f3n<\/strong><\/p>\n<p>Desde el a\u00f1o 1980 atendemos en Puerto La Plata toda la operativa de Comercio Exterior YPF S.A. en nuestra calidad de Despachantes de Aduana y de las m\u00e1s importantes empresas nacionales e internacionales, ofreciendo nuestros servicios a diversas firmas dedicadas al Comercio Exterior tales como SHELL capsa, Convey S.A., Conlube S.A., Grecolatina S.A. Tambi\u00e9n en este rubro nos ocupamos de las operaciones de todo tipo de mercader\u00eda y realizamos asesoramiento general de Comercio Exterior.<\/p>\n<p>Nuestro Departamento de Aduana ofrece Servicios Integrales en lo que respecta al transporte terrestre internacional en nuestra calidad de Agente de Transporte Aduanero, confeccionando la documentaci\u00f3n de carga y su presentaci\u00f3n ante las autoridades competentes, liquidaci\u00f3n y cobro de fletes y ejerciendo la representaci\u00f3n de varias empresas que operan desde nuestra jurisdicci\u00f3n hacia el exterior o viceversa, tales como Estefani, Catallini, Ruggeri, Cicarelli, Gafor, Noble.<\/p>\n\n\t\t<\/div> \n\t<\/div> \n\t\t<\/div> \n\t<\/div> \n<\/div><\/div><\/div>\n","protected":false},"excerpt":{"rendered":"Despachante de Aduana \u2013 Importaci\u00f3n \u2013 Exportaci\u00f3n Desde el a\u00f1o 1980 atendemos en Puerto La Plata toda la operativa de Comercio Exterior YPF S.A. en nuestra calidad de Despachantes de Aduana y de las m\u00e1s importantes empresas nacionales e internacionales, ofreciendo nuestros servicios a diversas firmas dedicadas al Comercio Exterior tales como SHELL capsa, Convey [...]","protected":false},"author":1,"featured_media":0,"parent":0,"menu_order":0,"comment_status":"closed","ping_status":"closed","template":"","meta":[],"_links":{"self":[{"href":"https:\/\/maritimaseghini.com\/index.php?rest_route=\/wp\/v2\/pages\/872"}],"collection":[{"href":"https:\/\/maritimaseghini.com\/index.php?rest_route=\/wp\/v2\/pages"}],"about":[{"href":"https:\/\/maritimaseghini.com\/index.php?rest_route=\/wp\/v2\/types\/page"}],"author":[{"embeddable":true,"href":"https:\/\/maritimaseghini.com\/index.php?rest_route=\/wp\/v2\/users\/1"}],"replies":[{"embeddable":true,"href":"https:\/\/maritimaseghini.com\/index.php?rest_route=%2Fwp%2Fv2%2Fcomments&post=872"}],"version-history":[{"count":1,"href":"https:\/\/maritimaseghini.com\/index.php?rest_route=\/wp\/v2\/pages\/872\/revisions"}],"predecessor-version":[{"id":980,"href":"https:\/\/maritimaseghini.com\/index.php?rest_route=\/wp\/v2\/pages\/872\/revisions\/980"}],"wp:attachment":[{"href":"https:\/\/maritimaseghini.com\/index.php?rest_route=%2Fwp%2Fv2%2Fmedia&parent=872"}],"curies":[{"name":"wp","href":"https:\/\/api.w.org\/{rel}","templated":true}]}}